{"id":1567,"date":"2018-08-28T12:48:59","date_gmt":"2018-08-28T10:48:59","guid":{"rendered":"http:\/\/www.mercamadrid10k.es\/?page_id=1567"},"modified":"2024-08-26T14:19:45","modified_gmt":"2024-08-26T12:19:45","slug":"premios","status":"publish","type":"page","link":"https:\/\/www.mercamadrid.es\/mercamadrid10k\/carrera\/premios\/","title":{"rendered":"Premios"},"content":{"rendered":"\t\t<div data-elementor-type=\"wp-page\" data-elementor-id=\"1567\" class=\"elementor elementor-1567\">\n\t\t\t\t\t\t<section class=\"elementor-section elementor-top-section elementor-element elementor-element-61a0c949 elementor-section-full_width elementor-section-height-default elementor-section-height-default\" data-id=\"61a0c949\" data-element_type=\"section\" data-e-type=\"section\">\n\t\t\t\t\t\t<div class=\"elementor-container elementor-column-gap-default\">\n\t\t\t\t\t<div class=\"elementor-column elementor-col-100 elementor-top-column elementor-element elementor-element-15a62090\" data-id=\"15a62090\" data-element_type=\"column\" data-e-type=\"column\">\n\t\t\t<div class=\"elementor-widget-wrap elementor-element-populated\">\n\t\t\t\t\t\t<div class=\"elementor-element elementor-element-f2cbbb2 elementor-widget elementor-widget-text-editor\" data-id=\"f2cbbb2\" data-element_type=\"widget\" data-e-type=\"widget\" data-widget_type=\"text-editor.default\">\n\t\t\t\t<div class=\"elementor-widget-container\">\n\t\t\t\t\t\t\t\t\t<p><strong>TROFEOS Y PREMIOS. <\/strong><\/p><p>Categor\u00eda ABSOLUTA:<\/p><p>1\u00ba y 1\u00aa: trofeo + 300 \u20ac.<\/p><p>2\u00ba y 2\u00aa: trofeo + 200 \u20ac.<\/p><p>3\u00ba y 3\u00aa: trofeo + 100 \u20ac.<\/p><p>Categor\u00eda VETERANO\/A A (de 35 a 49 a\u00f1os):<\/p><p>Trofeo para los 3 primeros y 3 primeras.<\/p><p>Categor\u00eda VETERANO\/A B (desde 50 a\u00f1os):<\/p><p>Trofeo para los 3 primeros y 3 primeras.<\/p><p>Categor\u00eda Profesional de Mercamadrid (se requerir\u00e1 la acreditaci\u00f3n):<\/p><p>Trofeo para el primero y la primera.<\/p><p>Categor\u00eda M\u00e1s Veterano o Veterana:<\/p><p>Trofeo al participante con mayor edad que haya llegado a meta.<\/p><p>Categor\u00eda Empresa de Mercamadrid:<\/p><p>Trofeo a la 1\u00aa empresa clasificada.<\/p><p>(se sumar\u00e1 el tiempo de los 3 primeros corredores de la empresa, m\u00ednimo 10 llegados a meta)<\/p><p>Trofeo a la empresa con mayor n\u00ba de participantes llegados a meta.<\/p><p>Los premios y trofeos NO son acumulativo<\/p>\t\t\t\t\t\t\t\t<\/div>\n\t\t\t\t<\/div>\n\t\t\t\t\t<\/div>\n\t\t<\/div>\n\t\t\t\t\t<\/div>\n\t\t<\/section>\n\t\t\t\t<\/div>\n\t\t","protected":false},"excerpt":{"rendered":"<p>TROFEOS Y PREMIOS. Categor\u00eda ABSOLUTA: 1\u00ba y 1\u00aa: trofeo + 300 \u20ac. 2\u00ba y 2\u00aa: trofeo + 200 \u20ac. 3\u00ba y 3\u00aa: trofeo + 100 \u20ac. Categor\u00eda VETERANO\/A A (de 35 a 49 a\u00f1os): Trofeo para los 3 primeros y 3 primeras. Categor\u00eda VETERANO\/A B (desde 50 a\u00f1os): Trofeo para los 3 primeros y 3 [&hellip;]<\/p>\n","protected":false},"author":2,"featured_media":3260,"parent":1481,"menu_order":0,"comment_status":"closed","ping_status":"closed","template":"","meta":{"_genesis_hide_title":false,"_genesis_hide_breadcrumbs":false,"_genesis_hide_singular_image":false,"_genesis_hide_footer_widgets":false,"_genesis_custom_body_class":"","_genesis_custom_post_class":"","_genesis_layout":"","footnotes":""},"class_list":{"0":"post-1567","1":"page","2":"type-page","3":"status-publish","4":"has-post-thumbnail","6":"entry"},"_links":{"self":[{"href":"https:\/\/www.mercamadrid.es\/mercamadrid10k\/wp-json\/wp\/v2\/pages\/1567","targetHints":{"allow":["GET"]}}],"collection":[{"href":"https:\/\/www.mercamadrid.es\/mercamadrid10k\/wp-json\/wp\/v2\/pages"}],"about":[{"href":"https:\/\/www.mercamadrid.es\/mercamadrid10k\/wp-json\/wp\/v2\/types\/page"}],"author":[{"embeddable":true,"href":"https:\/\/www.mercamadrid.es\/mercamadrid10k\/wp-json\/wp\/v2\/users\/2"}],"replies":[{"embeddable":true,"href":"https:\/\/www.mercamadrid.es\/mercamadrid10k\/wp-json\/wp\/v2\/comments?post=1567"}],"version-history":[{"count":27,"href":"https:\/\/www.mercamadrid.es\/mercamadrid10k\/wp-json\/wp\/v2\/pages\/1567\/revisions"}],"predecessor-version":[{"id":3270,"href":"https:\/\/www.mercamadrid.es\/mercamadrid10k\/wp-json\/wp\/v2\/pages\/1567\/revisions\/3270"}],"up":[{"embeddable":true,"href":"https:\/\/www.mercamadrid.es\/mercamadrid10k\/wp-json\/wp\/v2\/pages\/1481"}],"wp:featuredmedia":[{"embeddable":true,"href":"https:\/\/www.mercamadrid.es\/mercamadrid10k\/wp-json\/wp\/v2\/media\/3260"}],"wp:attachment":[{"href":"https:\/\/www.mercamadrid.es\/mercamadrid10k\/wp-json\/wp\/v2\/media?parent=1567"}],"curies":[{"name":"wp","href":"https:\/\/api.w.org\/{rel}","templated":true}]}}